{"id":1164,"date":"2018-07-02T19:24:24","date_gmt":"2018-07-02T22:24:24","guid":{"rendered":"https:\/\/isfd3-bue.infd.edu.ar\/sitio\/concursos\/"},"modified":"2026-04-15T10:09:47","modified_gmt":"2026-04-15T13:09:47","slug":"concursos","status":"publish","type":"page","link":"https:\/\/isfd3-bue.infd.edu.ar\/sitio\/concursos\/","title":{"rendered":"Pruebas de Selecci\u00f3n Docentes y Cargos"},"content":{"rendered":"\n<p><strong>OFERTA 2026<\/strong><a href=\"https:\/\/docs.google.com\/spreadsheets\/d\/e\/2PACX-1vTc8lY8p_SXIXmBwzoqhCZlz5pCXo2cCMikZdfwkzxp7meJxKIPM8g-yDmmTtV5OoXb6vyhPatV0PoH\/pubhtml?gid=2112479561&amp;single=true\"> &#8211; AQU\u00cd<\/a><\/p>\n\n\n\n<p>CAMBIOS 2026: NUEVOS LINEAMIENTOS Y DOCUMENTACI\u00d3N PARA PRESENTAR<\/p>\n\n\n\n<p>Presentamos los lineamientos de la nueva <strong>Resoluci\u00f3n de concursos N\u00b0 6179\/25<\/strong>, que regir\u00e1 para todas las propuestas y postulaciones presentadas desde el 1 de enero 2026.<\/p>\n\n\n\n<figure class=\"wp-block-video\"><video controls src=\"https:\/\/isfd3-bue.infd.edu.ar\/sitio\/wp-content\/uploads\/2025\/12\/video-concursos-2026-1-2.mp4\"><\/video><\/figure>\n\n\n\n<p><strong>Presentaci\u00f3n de lineamientos de Res 6179-25 en Encuentro Directores e Inspectores 26 DE NOVIEMBRE 2025:<\/strong><\/p>\n\n\n\n<div class=\"wp-block-file\"><object class=\"wp-block-file__embed\" data=\"https:\/\/isfd3-bue.infd.edu.ar\/sitio\/wp-content\/uploads\/2026\/02\/Presentacion-Subd-Institucional-de-Res-6179-25-en-Encuentro-Directores-e-Inspectores-26-DE-NOVIEMBRE-2025.pdf\" type=\"application\/pdf\" style=\"width:100%;height:200px\" aria-label=\"Incrustado de Presentacion-Subd-Institucional-de-Res-6179-25-en-Encuentro-Directores-e-Inspectores-26-DE-NOVIEMBRE-2025.\"><\/object><a id=\"wp-block-file--media-99edaad9-4efd-4730-af22-a9e3fdb99df9\" href=\"https:\/\/isfd3-bue.infd.edu.ar\/sitio\/wp-content\/uploads\/2026\/02\/Presentacion-Subd-Institucional-de-Res-6179-25-en-Encuentro-Directores-e-Inspectores-26-DE-NOVIEMBRE-2025.pdf\">Presentacion-Subd-Institucional-de-Res-6179-25-en-Encuentro-Directores-e-Inspectores-26-DE-NOVIEMBRE-2025<\/a><a href=\"https:\/\/isfd3-bue.infd.edu.ar\/sitio\/wp-content\/uploads\/2026\/02\/Presentacion-Subd-Institucional-de-Res-6179-25-en-Encuentro-Directores-e-Inspectores-26-DE-NOVIEMBRE-2025.pdf\" class=\"wp-block-file__button wp-element-button\" download aria-describedby=\"wp-block-file--media-99edaad9-4efd-4730-af22-a9e3fdb99df9\">Descarga<\/a><\/div>\n\n\n\n<p><\/p>\n\n\n\n<p><strong>Aqu\u00ed encuentran la Resoluci\u00f3n completa:<\/strong><\/p>\n\n\n\n<div class=\"wp-block-file\"><object class=\"wp-block-file__embed\" data=\"https:\/\/isfd3-bue.infd.edu.ar\/sitio\/wp-content\/uploads\/2025\/12\/RESOC-2025-6179-GDEBA-DGCYE-1.pdf\" type=\"application\/pdf\" style=\"width:100%;height:200px\" aria-label=\"Incrustado de RESOC-2025-6179-GDEBA-DGCYE-1.\"><\/object><a id=\"wp-block-file--media-3120aa12-d80c-4cdc-a82a-4d9849171857\" href=\"https:\/\/isfd3-bue.infd.edu.ar\/sitio\/wp-content\/uploads\/2025\/12\/RESOC-2025-6179-GDEBA-DGCYE-1.pdf\">RESOC-2025-6179-GDEBA-DGCYE-1<\/a><a href=\"https:\/\/isfd3-bue.infd.edu.ar\/sitio\/wp-content\/uploads\/2025\/12\/RESOC-2025-6179-GDEBA-DGCYE-1.pdf\" class=\"wp-block-file__button wp-element-button\" download aria-describedby=\"wp-block-file--media-3120aa12-d80c-4cdc-a82a-4d9849171857\">Descarga<\/a><\/div>\n\n\n\n<p><\/p>\n\n\n\n<figure class=\"wp-block-table is-style-regular\"><table class=\"has-base-2-background-color has-background\"><tbody><tr><td><mark style=\"background-color:var(--base)\" class=\"has-inline-color has-accent-color\"><strong>DOCUMENTACI\u00d3N A PRESENTAR<\/strong>:<br><br>Se deber\u00e1 digitalizar la siguiente documentaci\u00f3n, y cargarla en el siguiente FORMULARIO:  <a href=\"https:\/\/docs.google.com\/forms\/d\/e\/1FAIpQLScFa_9m0fe00S0Egy49fyWGErb8EPLlEdKQIvfSfK1soH3bZg\/viewform?usp=sharing&amp;ouid=117214842282331083425\" data-type=\"URL\" data-id=\"https:\/\/bit.ly\/concursosisfd3\"><strong>AQU\u00cd<\/strong><\/a><br>(El formulario le enviar\u00e1 una respuesta autom\u00e1tica confirmando la recepci\u00f3n de la documentaci\u00f3n)<br>Entregar la documentaci\u00f3n en formato PDF de la siguiente manera:<br>1) Archivo 1: Todo en un mismo pdf Copia del DNI, Formulario 1 y 2 (Anexo 9 de la nueva resoluci\u00f3n)-Probanzas de t\u00edtulos y antecedentes espec\u00edficos<br>2) Archivo 2: Oblea<br>En la elaboraci\u00f3n de la propuesta considerar el nuevo REGIMEN ACADEMICO DE SUPERIOR &#8211; Resoluci\u00f3n 4196\/24:  <a href=\"https:\/\/drive.google.com\/drive\/folders\/1pdjA77beHhRAtk4f_a7QccaZoTZdYN6Z\">AQU\u00cd<\/a> <\/mark><br><\/td><\/tr><\/tbody><\/table><figcaption class=\"wp-element-caption\">Para <strong>S\u00d3LO CONSULTAS<\/strong> compartimos el mail : <a href=\"mailto:concursosisfd3@gmail.com\">concursosisfd3@gmail.com<\/a>&nbsp;<\/figcaption><\/figure>\n\n\n\n<p><\/p>\n\n\n<p><\/p>\n<h2>&nbsp;<\/h2>\n<h4>&nbsp;<\/h4>\n<p><\/p>","protected":false},"excerpt":{"rendered":"<p>OFERTA 2026 &#8211; AQU\u00cd CAMBIOS 2026: NUEVOS LINEAMIENTOS Y DOCUMENTACI\u00d3N PARA PRESENTAR Presentamos los lineamientos de la nueva Resoluci\u00f3n de concursos N\u00b0 6179\/25, que regir\u00e1 para todas las propuestas y postulaciones presentadas desde el 1 de enero 2026. Presentaci\u00f3n de lineamientos de Res 6179-25 en Encuentro Directores e Inspectores 26 DE NOVIEMBRE 2025: Aqu\u00ed encuentran &#8230; <a title=\"Pruebas de Selecci\u00f3n Docentes y Cargos\" class=\"read-more\" href=\"https:\/\/isfd3-bue.infd.edu.ar\/sitio\/concursos\/\" aria-label=\"More on Pruebas de Selecci\u00f3n Docentes y Cargos\">[+]<\/a><\/p>\n","protected":false},"author":39,"featured_media":0,"parent":0,"menu_order":0,"comment_status":"closed","ping_status":"closed","template":"","meta":[],"acf":[],"_links":{"self":[{"href":"https:\/\/isfd3-bue.infd.edu.ar\/sitio\/wp-json\/wp\/v2\/pages\/1164"}],"collection":[{"href":"https:\/\/isfd3-bue.infd.edu.ar\/sitio\/wp-json\/wp\/v2\/pages"}],"about":[{"href":"https:\/\/isfd3-bue.infd.edu.ar\/sitio\/wp-json\/wp\/v2\/types\/page"}],"author":[{"embeddable":true,"href":"https:\/\/isfd3-bue.infd.edu.ar\/sitio\/wp-json\/wp\/v2\/users\/39"}],"replies":[{"embeddable":true,"href":"https:\/\/isfd3-bue.infd.edu.ar\/sitio\/wp-json\/wp\/v2\/comments?post=1164"}],"version-history":[{"count":273,"href":"https:\/\/isfd3-bue.infd.edu.ar\/sitio\/wp-json\/wp\/v2\/pages\/1164\/revisions"}],"predecessor-version":[{"id":8644,"href":"https:\/\/isfd3-bue.infd.edu.ar\/sitio\/wp-json\/wp\/v2\/pages\/1164\/revisions\/8644"}],"wp:attachment":[{"href":"https:\/\/isfd3-bue.infd.edu.ar\/sitio\/wp-json\/wp\/v2\/media?parent=1164"}],"curies":[{"name":"wp","href":"https:\/\/api.w.org\/{rel}","templated":true}]}}