{"id":1168,"date":"2018-07-02T19:24:25","date_gmt":"2018-07-02T22:24:25","guid":{"rendered":"https:\/\/isfd3-bue.infd.edu.ar\/sitio\/informacion-para-docentes\/"},"modified":"2020-10-08T10:12:31","modified_gmt":"2020-10-08T13:12:31","slug":"informacion-para-docentes","status":"publish","type":"page","link":"https:\/\/isfd3-bue.infd.edu.ar\/sitio\/informacion-para-docentes\/","title":{"rendered":"Docentes"},"content":{"rendered":"<p style=\"text-align: justify;\"><span style=\"font-family: arial, helvetica, sans-serif; font-size: 12pt;\">En esta Secci\u00f3n los docentes podr\u00e1n consultar y descargar formularios y documentos.<\/span><\/p>\n<p style=\"text-align: justify;\"><span style=\"font-family: arial, helvetica, sans-serif; font-size: 12pt;\">Para acceder seleccionar la opci\u00f3n correspondiente del men\u00fa.<\/span><strong>\u00a0<\/strong><\/p>\n","protected":false},"excerpt":{"rendered":"<p>En esta Secci\u00f3n los docentes podr\u00e1n consultar y descargar formularios y documentos. Para acceder seleccionar la opci\u00f3n correspondiente del men\u00fa.\u00a0<\/p>\n","protected":false},"author":39,"featured_media":0,"parent":0,"menu_order":0,"comment_status":"closed","ping_status":"closed","template":"","meta":[],"acf":[],"_links":{"self":[{"href":"https:\/\/isfd3-bue.infd.edu.ar\/sitio\/wp-json\/wp\/v2\/pages\/1168"}],"collection":[{"href":"https:\/\/isfd3-bue.infd.edu.ar\/sitio\/wp-json\/wp\/v2\/pages"}],"about":[{"href":"https:\/\/isfd3-bue.infd.edu.ar\/sitio\/wp-json\/wp\/v2\/types\/page"}],"author":[{"embeddable":true,"href":"https:\/\/isfd3-bue.infd.edu.ar\/sitio\/wp-json\/wp\/v2\/users\/39"}],"replies":[{"embeddable":true,"href":"https:\/\/isfd3-bue.infd.edu.ar\/sitio\/wp-json\/wp\/v2\/comments?post=1168"}],"version-history":[{"count":4,"href":"https:\/\/isfd3-bue.infd.edu.ar\/sitio\/wp-json\/wp\/v2\/pages\/1168\/revisions"}],"predecessor-version":[{"id":4011,"href":"https:\/\/isfd3-bue.infd.edu.ar\/sitio\/wp-json\/wp\/v2\/pages\/1168\/revisions\/4011"}],"wp:attachment":[{"href":"https:\/\/isfd3-bue.infd.edu.ar\/sitio\/wp-json\/wp\/v2\/media?parent=1168"}],"curies":[{"name":"wp","href":"https:\/\/api.w.org\/{rel}","templated":true}]}}