{"id":3503,"date":"2020-12-02T09:45:49","date_gmt":"2020-12-02T12:45:49","guid":{"rendered":"https:\/\/isfd3-bue.infd.edu.ar\/sitio\/?page_id=3503"},"modified":"2026-03-09T14:05:13","modified_gmt":"2026-03-09T17:05:13","slug":"ingresantes","status":"publish","type":"page","link":"https:\/\/isfd3-bue.infd.edu.ar\/sitio\/ingresantes\/","title":{"rendered":"INGRESANTES 2026"},"content":{"rendered":"\n<pre class=\"wp-block-preformatted\"><strong>Ya se encuentran completas y cerradas las inscripciones para las carreras de INICIAL Y PRIMARIA<\/strong><\/pre>\n\n\n\n<p class=\"has-accent-color has-white-background-color has-text-color has-background has-medium-font-size\"><strong>INSTRUCTIVO<\/strong> INGRESO 2026<\/p>\n\n\n\n<h2 class=\"wp-block-heading has-text-align-center has-electric-grass-gradient-background has-text-color has-background\" style=\"color:#074264\"><strong>Paso 1: PRE-INSCRIPCI\u00d3N <\/strong><\/h2>\n\n\n\n<h4 class=\"wp-block-heading has-text-align-left has-electric-grass-gradient-background has-background\">La PRE-INSCRIPCI\u00d3N se realizar\u00e1 a partir del mi\u00e9rcoles 3 de diciembre a las 9.00 am, en los formularios que habilitaremos en este sitio<\/h4>\n\n\n\n<p class=\"has-medium-font-size\">El primer paso es la pre-inscripci\u00f3n online y luego indicaremos aqu\u00ed mismo los turnos para traer la documentaci\u00f3n en papel. <\/p>\n\n\n\n<p class=\"has-medium-font-size\"><strong>NO DEBEN CONCURRIR AL INSTITUTO HASTA NO LA FECHA PUBLICADA AQU\u00cd.<\/strong><\/p>\n\n\n\n<p class=\"has-accent-color has-text-color has-medium-font-size\"><strong>Los formularios se habilitar\u00e1n el mi\u00e9rcoles 3 de diciembre, y deber\u00e1n <\/strong><mark style=\"font-weight: bold; background-color: rgba(0, 0, 0, 0);\" class=\"has-inline-color has-accent-color\">seleccionar el enlace de la carrera elegida para luego completar all\u00ed sus datos<\/mark>:<\/p>\n\n\n\n<div class=\"wp-block-columns is-layout-flex wp-container-4\">\n<div class=\"wp-block-column is-layout-flow\">\n<p><\/p>\n\n\n\n<pre class=\"wp-block-preformatted\"><a href=\"https:\/\/docs.google.com\/forms\/d\/e\/1FAIpQLSfDWv9HGS181F6FPgXxtQ60n92WWjIMICzRU1BQuvBMfWfN5w\/viewform?usp=publish-editor\" target=\"_blank\" rel=\"noreferrer noopener\">Preinscripci\u00f3n Prof. Biolog\u00eda<\/a><\/pre>\n<\/div>\n\n\n\n<div class=\"wp-block-column is-layout-flow\">\n<p><\/p>\n\n\n\n<pre class=\"wp-block-preformatted\"><a href=\"https:\/\/docs.google.com\/forms\/d\/e\/1FAIpQLSf1T8B9sMsVOtduPE52zHAT0FoaU53n-ehFhp_InQcPQPPkHg\/viewform?usp=dialog\" target=\"_blank\" rel=\"noreferrer noopener\">Preinscripci\u00f3n Prof. Lengua y Literatura<\/a><\/pre>\n<\/div>\n\n\n\n<div class=\"wp-block-column is-layout-flow\">\n<p><\/p>\n\n\n\n<pre class=\"wp-block-preformatted\"><a href=\"https:\/\/docs.google.com\/forms\/d\/e\/1FAIpQLSfYO7ZF0kAZ5mov8g7Z40UKamNW75GdqZDJNCGOyNq2-vooRw\/viewform?usp=publish-editor\">Preinscripci\u00f3n Prof. Historia<\/a><\/pre>\n<\/div>\n<\/div>\n\n\n\n<div class=\"wp-block-columns is-layout-flex wp-container-8\">\n<div class=\"wp-block-column is-layout-flow\">\n<pre class=\"wp-block-preformatted\"><a href=\"https:\/\/docs.google.com\/forms\/d\/e\/1FAIpQLSfsZ2b5G-uZVKmHo02ffOWHhpSx_GIGX-f4VA5fHlt8ylCC0A\/viewform?usp=publish-editor\">Preinscripci\u00f3n Prof. Especial<\/a><\/pre>\n<\/div>\n\n\n\n<div class=\"wp-block-column is-layout-flow\">\n<pre class=\"wp-block-preformatted\"><a href=\"https:\/\/docs.google.com\/forms\/d\/e\/1FAIpQLSfLzqDjwax8MkFHxemdf4uKoB5bMFgZn0T27P6rbHIQYFaSsQ\/viewform?usp=dialog\" data-type=\"URL\" data-id=\"https:\/\/forms.gle\/hxhHdQbmNZDRvYjL7\" target=\"_blank\" rel=\"noreferrer noopener\">Preinscripci\u00f3n Prof. Matem\u00e1tica<\/a><\/pre>\n<\/div>\n\n\n\n<div class=\"wp-block-column is-layout-flow\">\n<pre class=\"wp-block-preformatted\"><a href=\"https:\/\/docs.google.com\/forms\/d\/e\/1FAIpQLSdX4mHyzYkLw9TeOm6QOR4Xo2sIkYG8KuG_88kri5STOQNq9Q\/viewform?usp=dialog\">Preinscripci\u00f3n Prof<\/a><a href=\"https:\/\/docs.google.com\/forms\/d\/e\/1FAIpQLSdX4mHyzYkLw9TeOm6QOR4Xo2sIkYG8KuG_88kri5STOQNq9Q\/viewform?usp=publish-editor\">. <\/a><a href=\"https:\/\/docs.google.com\/forms\/d\/e\/1FAIpQLSdX4mHyzYkLw9TeOm6QOR4Xo2sIkYG8KuG_88kri5STOQNq9Q\/viewform?usp=dialog\">Inicial<\/a><\/pre>\n<\/div>\n<\/div>\n\n\n\n<div class=\"wp-block-columns is-layout-flex wp-container-12\">\n<div class=\"wp-block-column is-layout-flow\">\n<pre class=\"wp-block-preformatted\"><a href=\"https:\/\/docs.google.com\/forms\/d\/e\/1FAIpQLSfJbbXaX3IsROUzN8ne__1eiCgDz_2lF2cCp9xvI5G0C9IORA\/viewform?usp=publish-editor\">Preinscripci\u00f3n Prof. Ingl\u00e9s<\/a><\/pre>\n<\/div>\n\n\n\n<div class=\"wp-block-column is-layout-flow\">\n<pre class=\"wp-block-preformatted\"><a href=\"https:\/\/docs.google.com\/forms\/d\/e\/1FAIpQLScGRbnErqAQeP55kKcUAXeYY-7H2GZZyyzA8VBM5dEJIHwSpg\/viewform?usp=publish-editor\">Preinscripci\u00f3n Prof. Primaria<\/a><\/pre>\n<\/div>\n\n\n\n<div class=\"wp-block-column is-layout-flow\">\n<pre class=\"wp-block-preformatted\"><a href=\"https:\/\/docs.google.com\/forms\/d\/e\/1FAIpQLSdFt5W5WjksF0HwdgXEbA63TDjYztDyBkzy2l_Ag_aQF3mhXg\/viewform?usp=publish-editor\">Preinscripci\u00f3n Prof. Ciencia Pol\u00edtica<\/a><\/pre>\n<\/div>\n<\/div>\n\n\n\n<h2 class=\"wp-block-heading\">Enlaces para verificar que se inscribieron<\/h2>\n\n\n\n<ul>\n<li><a rel=\"noreferrer noopener\" href=\"https:\/\/docs.google.com\/spreadsheets\/d\/e\/2PACX-1vTm7WECj20swVIIXl9KDNBCWyGjHjktre565PiTzWSOsgdxj5aWwddlUmNDucXxIaC_15odU1nvl-Nw\/pubhtml?gid=760869299&amp;single=true\" target=\"_blank\">INICIAL<\/a><\/li>\n<\/ul>\n\n\n\n<ul>\n<li><a href=\"https:\/\/docs.google.com\/spreadsheets\/d\/e\/2PACX-1vTNSLYaeeL2XlYb7cqX4Q6ztYr90ix1yCu4SfX66F5L7QN1XcrjcPrj9WbyqDk6jmqhnDkujl8PjxLw\/pubhtml?gid=1631466996&amp;single=true\" target=\"_blank\" rel=\"noreferrer noopener\">PRIMARIA<\/a><\/li>\n<\/ul>\n\n\n\n<ul>\n<li><a href=\"https:\/\/docs.google.com\/spreadsheets\/d\/e\/2PACX-1vQmoLDqYYTPcxxKcnEl8AnraPeFNZMO5n2EKCbU3fzC6_8E8oi9kzd9pODBP4DXIpc8t45u3CMMXZeA\/pubhtml?gid=14682128&amp;single=true\" target=\"_blank\" rel=\"noreferrer noopener\">ESPECIAL<\/a><\/li>\n<\/ul>\n\n\n\n<ul>\n<li><a href=\"https:\/\/docs.google.com\/spreadsheets\/d\/e\/2PACX-1vQGRHEghNblp2P0LnVqu_0L5_ThEXgaOLZRLptkd8U3XnUtigyGHreMVCWbmTNoDxMY1YMsMt6lGx2E\/pubhtml?gid=1275823221&amp;single=true\" target=\"_blank\" rel=\"noreferrer noopener\">BIOLOG\u00cdA<\/a><\/li>\n<\/ul>\n\n\n\n<ul>\n<li><a href=\"https:\/\/docs.google.com\/spreadsheets\/d\/e\/2PACX-1vTqgSHj6Gtf7r7fcV29B_wcq7Go5fXpVl-e7g3HDelFZbZti8Rmwn_aEQyHpafgO9bAZz43_rL8mDV_\/pubhtml?gid=918187691&amp;single=true\" target=\"_blank\" rel=\"noreferrer noopener\">INGL\u00c9S<\/a><\/li>\n<\/ul>\n\n\n\n<ul>\n<li><a href=\"https:\/\/docs.google.com\/spreadsheets\/d\/e\/2PACX-1vSB57k5lB4hbqfOgcVSIvgVFu_hTr_pT67L2uJUWVmUJmpb2IM0V59k2oxtnkBlMYaqUu0A934oDmlY\/pubhtml?gid=1882667284&amp;single=true\" target=\"_blank\" rel=\"noreferrer noopener\">LENGUA Y LITERATURA <\/a><\/li>\n<\/ul>\n\n\n\n<ul>\n<li><a href=\"https:\/\/docs.google.com\/spreadsheets\/d\/e\/2PACX-1vS8rsoWmveHSf5krBhQrL7_oSZqvc_N-mjbncCqlk4EY_VbPpeAPv0Vv2jDA6U0GJTbfuaC_nwFNjnh\/pubhtml?gid=1324252716&amp;single=true\">HISTORIA<\/a><\/li>\n<\/ul>\n\n\n\n<ul>\n<li><a href=\"https:\/\/docs.google.com\/spreadsheets\/d\/e\/2PACX-1vS3M6KsfaWc3hDzG7JCxdwjUl5i_RGYZqybmkCpQaxZNfRWM8b4YZgBfJ1zR0tjiTddEKnHTVMZndiD\/pubhtml?gid=486173824&amp;single=true\" target=\"_blank\" rel=\"noreferrer noopener\">CIENCIAS POL\u00cdTICAS<\/a><\/li>\n<\/ul>\n\n\n\n<ul>\n<li><a href=\"https:\/\/docs.google.com\/spreadsheets\/d\/e\/2PACX-1vQnzr-VZRwF4rcYRNzFYdDzVj1CHdHcMYUU1V0f-RJ5kn4vKooZHAayTFmLvcH65GR154x6oiPRwOpo\/pubhtml?gid=239195971&amp;single=true\" target=\"_blank\" rel=\"noreferrer noopener\">MATEM\u00c1TICA<\/a><\/li>\n<\/ul>\n\n\n\n<p class=\"has-medium-font-size\"><strong><mark style=\"background-color:rgba(0, 0, 0, 0);color:#03379f\" class=\"has-inline-color\">CONOC\u00c9 NUESTRAS CARRERAS HACIENDO CLIC EN CADA IMAGEN:<\/mark><\/strong><\/p>\n\n\n\n<div class=\"wp-block-columns is-layout-flex wp-container-16\">\n<div class=\"wp-block-column is-layout-flow\">\n<figure class=\"wp-block-image size-large is-resized\"><a href=\"https:\/\/isfd3-bue.infd.edu.ar\/sitio\/profesorado-de-educacion-secundaria-en-biologia\/\"><img decoding=\"async\" loading=\"lazy\" src=\"https:\/\/isfd3-bue.infd.edu.ar\/sitio\/wp-content\/uploads\/2022\/10\/tapa-biologia-1900x823.png\" alt=\"\" class=\"wp-image-6168\" width=\"347\" height=\"150\" srcset=\"https:\/\/isfd3-bue.infd.edu.ar\/sitio\/wp-content\/uploads\/2022\/10\/tapa-biologia-1900x823.png 1900w, https:\/\/isfd3-bue.infd.edu.ar\/sitio\/wp-content\/uploads\/2022\/10\/tapa-biologia-1000x433.png 1000w, https:\/\/isfd3-bue.infd.edu.ar\/sitio\/wp-content\/uploads\/2022\/10\/tapa-biologia-768x333.png 768w, https:\/\/isfd3-bue.infd.edu.ar\/sitio\/wp-content\/uploads\/2022\/10\/tapa-biologia-1536x666.png 1536w, https:\/\/isfd3-bue.infd.edu.ar\/sitio\/wp-content\/uploads\/2022\/10\/tapa-biologia-2048x887.png 2048w\" sizes=\"(max-width: 347px) 100vw, 347px\" \/><\/a><figcaption class=\"wp-element-caption\"><a href=\"https:\/\/isfd3-bue.infd.edu.ar\/sitio\/profesorado-de-educacion-primaria\/\"><\/a><\/figcaption><\/figure>\n<\/div>\n\n\n\n<div class=\"wp-block-column is-layout-flow\">\n<figure class=\"wp-block-image size-large is-resized\"><a href=\"https:\/\/isfd3-bue.infd.edu.ar\/sitio\/profesorado-de-educacion-secundaria-en-lengua-y-literatura\/\"><img decoding=\"async\" loading=\"lazy\" src=\"https:\/\/isfd3-bue.infd.edu.ar\/sitio\/wp-content\/uploads\/2022\/10\/tapa-lengua-1900x831.png\" alt=\"\" class=\"wp-image-6161\" width=\"348\" height=\"152\" srcset=\"https:\/\/isfd3-bue.infd.edu.ar\/sitio\/wp-content\/uploads\/2022\/10\/tapa-lengua-1900x831.png 1900w, https:\/\/isfd3-bue.infd.edu.ar\/sitio\/wp-content\/uploads\/2022\/10\/tapa-lengua-1000x437.png 1000w, https:\/\/isfd3-bue.infd.edu.ar\/sitio\/wp-content\/uploads\/2022\/10\/tapa-lengua-768x336.png 768w, https:\/\/isfd3-bue.infd.edu.ar\/sitio\/wp-content\/uploads\/2022\/10\/tapa-lengua-1536x671.png 1536w, https:\/\/isfd3-bue.infd.edu.ar\/sitio\/wp-content\/uploads\/2022\/10\/tapa-lengua-2048x895.png 2048w\" sizes=\"(max-width: 348px) 100vw, 348px\" \/><\/a><\/figure>\n<\/div>\n\n\n\n<div class=\"wp-block-column is-layout-flow\">\n<figure class=\"wp-block-image size-large is-resized\"><a href=\"https:\/\/isfd3-bue.infd.edu.ar\/sitio\/profesorado-de-educacion-secundaria-en-historia\/\"><img decoding=\"async\" loading=\"lazy\" src=\"https:\/\/isfd3-bue.infd.edu.ar\/sitio\/wp-content\/uploads\/2022\/10\/tapa-historia.png\" alt=\"\" class=\"wp-image-6162\" width=\"346\" height=\"150\" srcset=\"https:\/\/isfd3-bue.infd.edu.ar\/sitio\/wp-content\/uploads\/2022\/10\/tapa-historia.png 1680w, https:\/\/isfd3-bue.infd.edu.ar\/sitio\/wp-content\/uploads\/2022\/10\/tapa-historia-1000x435.png 1000w, https:\/\/isfd3-bue.infd.edu.ar\/sitio\/wp-content\/uploads\/2022\/10\/tapa-historia-768x334.png 768w, https:\/\/isfd3-bue.infd.edu.ar\/sitio\/wp-content\/uploads\/2022\/10\/tapa-historia-1536x667.png 1536w\" sizes=\"(max-width: 346px) 100vw, 346px\" \/><\/a><\/figure>\n<\/div>\n<\/div>\n\n\n\n<div class=\"wp-block-columns is-layout-flex wp-container-20\">\n<div class=\"wp-block-column is-layout-flow\">\n<figure class=\"wp-block-image size-large is-resized\"><a href=\"https:\/\/isfd3-bue.infd.edu.ar\/sitio\/profesorado-de-educacion-especial\/\"><img decoding=\"async\" loading=\"lazy\" src=\"https:\/\/isfd3-bue.infd.edu.ar\/sitio\/wp-content\/uploads\/2022\/10\/tapa-especial-1900x827.png\" alt=\"\" class=\"wp-image-6167\" width=\"345\" height=\"151\" srcset=\"https:\/\/isfd3-bue.infd.edu.ar\/sitio\/wp-content\/uploads\/2022\/10\/tapa-especial-1900x827.png 1900w, https:\/\/isfd3-bue.infd.edu.ar\/sitio\/wp-content\/uploads\/2022\/10\/tapa-especial-1000x435.png 1000w, https:\/\/isfd3-bue.infd.edu.ar\/sitio\/wp-content\/uploads\/2022\/10\/tapa-especial-768x334.png 768w, https:\/\/isfd3-bue.infd.edu.ar\/sitio\/wp-content\/uploads\/2022\/10\/tapa-especial-1536x669.png 1536w, https:\/\/isfd3-bue.infd.edu.ar\/sitio\/wp-content\/uploads\/2022\/10\/tapa-especial-2048x891.png 2048w\" sizes=\"(max-width: 345px) 100vw, 345px\" \/><\/a><\/figure>\n<\/div>\n\n\n\n<div class=\"wp-block-column is-layout-flow\">\n<figure class=\"wp-block-image size-large is-resized\"><a href=\"https:\/\/isfd3-bue.infd.edu.ar\/sitio\/profesorado-de-educacion-secundaria-en-matematica\/\"><img decoding=\"async\" loading=\"lazy\" src=\"https:\/\/isfd3-bue.infd.edu.ar\/sitio\/wp-content\/uploads\/2022\/10\/tapa-matematica-1900x853.png\" alt=\"\" class=\"wp-image-6165\" width=\"339\" height=\"151\" srcset=\"https:\/\/isfd3-bue.infd.edu.ar\/sitio\/wp-content\/uploads\/2022\/10\/tapa-matematica-1900x853.png 1900w, https:\/\/isfd3-bue.infd.edu.ar\/sitio\/wp-content\/uploads\/2022\/10\/tapa-matematica-1000x449.png 1000w, https:\/\/isfd3-bue.infd.edu.ar\/sitio\/wp-content\/uploads\/2022\/10\/tapa-matematica-768x345.png 768w, https:\/\/isfd3-bue.infd.edu.ar\/sitio\/wp-content\/uploads\/2022\/10\/tapa-matematica-1536x690.png 1536w, https:\/\/isfd3-bue.infd.edu.ar\/sitio\/wp-content\/uploads\/2022\/10\/tapa-matematica-2048x920.png 2048w\" sizes=\"(max-width: 339px) 100vw, 339px\" \/><\/a><\/figure>\n<\/div>\n\n\n\n<div class=\"wp-block-column is-layout-flow\">\n<figure class=\"wp-block-image size-large is-resized\"><a href=\"https:\/\/isfd3-bue.infd.edu.ar\/sitio\/profesorado-de-educacion-inicial\/\"><img decoding=\"async\" loading=\"lazy\" src=\"https:\/\/isfd3-bue.infd.edu.ar\/sitio\/wp-content\/uploads\/2022\/10\/tapa-inicial-1900x826.png\" alt=\"\" class=\"wp-image-6163\" width=\"344\" height=\"149\" srcset=\"https:\/\/isfd3-bue.infd.edu.ar\/sitio\/wp-content\/uploads\/2022\/10\/tapa-inicial-1900x826.png 1900w, https:\/\/isfd3-bue.infd.edu.ar\/sitio\/wp-content\/uploads\/2022\/10\/tapa-inicial-1000x435.png 1000w, https:\/\/isfd3-bue.infd.edu.ar\/sitio\/wp-content\/uploads\/2022\/10\/tapa-inicial-768x334.png 768w, https:\/\/isfd3-bue.infd.edu.ar\/sitio\/wp-content\/uploads\/2022\/10\/tapa-inicial-1536x668.png 1536w, https:\/\/isfd3-bue.infd.edu.ar\/sitio\/wp-content\/uploads\/2022\/10\/tapa-inicial-2048x890.png 2048w\" sizes=\"(max-width: 344px) 100vw, 344px\" \/><\/a><\/figure>\n<\/div>\n<\/div>\n\n\n\n<div class=\"wp-block-columns is-layout-flex wp-container-23\">\n<div class=\"wp-block-column is-layout-flow\"><div class=\"wp-block-image\">\n<figure class=\"alignright size-large is-resized\"><a href=\"https:\/\/isfd3-bue.infd.edu.ar\/sitio\/profesorado-de-ingles\/\"><img decoding=\"async\" loading=\"lazy\" src=\"https:\/\/isfd3-bue.infd.edu.ar\/sitio\/wp-content\/uploads\/2023\/10\/ingles2-1900x882.png\" alt=\"\" class=\"wp-image-6835\" width=\"324\" height=\"150\" srcset=\"https:\/\/isfd3-bue.infd.edu.ar\/sitio\/wp-content\/uploads\/2023\/10\/ingles2-1900x882.png 1900w, https:\/\/isfd3-bue.infd.edu.ar\/sitio\/wp-content\/uploads\/2023\/10\/ingles2-1000x464.png 1000w, https:\/\/isfd3-bue.infd.edu.ar\/sitio\/wp-content\/uploads\/2023\/10\/ingles2-768x356.png 768w, https:\/\/isfd3-bue.infd.edu.ar\/sitio\/wp-content\/uploads\/2023\/10\/ingles2-1536x713.png 1536w, https:\/\/isfd3-bue.infd.edu.ar\/sitio\/wp-content\/uploads\/2023\/10\/ingles2-2048x950.png 2048w\" sizes=\"(max-width: 324px) 100vw, 324px\" \/><\/a><\/figure><\/div><\/div>\n\n\n\n<div class=\"wp-block-column is-layout-flow\"><div class=\"wp-block-image\">\n<figure class=\"alignleft size-large is-resized\"><a href=\"https:\/\/isfd3-bue.infd.edu.ar\/sitio\/profesorado-de-educacion-primaria\/\"><img decoding=\"async\" loading=\"lazy\" src=\"https:\/\/isfd3-bue.infd.edu.ar\/sitio\/wp-content\/uploads\/2022\/10\/tapa-primaria-1900x830.png\" alt=\"\" class=\"wp-image-6164\" width=\"339\" height=\"147\" srcset=\"https:\/\/isfd3-bue.infd.edu.ar\/sitio\/wp-content\/uploads\/2022\/10\/tapa-primaria-1900x830.png 1900w, https:\/\/isfd3-bue.infd.edu.ar\/sitio\/wp-content\/uploads\/2022\/10\/tapa-primaria-1000x437.png 1000w, https:\/\/isfd3-bue.infd.edu.ar\/sitio\/wp-content\/uploads\/2022\/10\/tapa-primaria-768x335.png 768w, https:\/\/isfd3-bue.infd.edu.ar\/sitio\/wp-content\/uploads\/2022\/10\/tapa-primaria-1536x671.png 1536w, https:\/\/isfd3-bue.infd.edu.ar\/sitio\/wp-content\/uploads\/2022\/10\/tapa-primaria-2048x894.png 2048w\" sizes=\"(max-width: 339px) 100vw, 339px\" \/><\/a><\/figure><\/div><\/div>\n<\/div>\n\n\n<div class=\"wp-block-image\">\n<figure class=\"aligncenter size-full is-resized\"><a href=\"https:\/\/isfd3-bue.infd.edu.ar\/sitio\/ciencia-politica\/\"><img decoding=\"async\" loading=\"lazy\" src=\"https:\/\/isfd3-bue.infd.edu.ar\/sitio\/wp-content\/uploads\/2024\/12\/WhatsApp-Image-2024-10-04-at-09.55.39.jpeg\" alt=\"\" class=\"wp-image-7549\" width=\"393\" height=\"161\" srcset=\"https:\/\/isfd3-bue.infd.edu.ar\/sitio\/wp-content\/uploads\/2024\/12\/WhatsApp-Image-2024-10-04-at-09.55.39.jpeg 1600w, https:\/\/isfd3-bue.infd.edu.ar\/sitio\/wp-content\/uploads\/2024\/12\/WhatsApp-Image-2024-10-04-at-09.55.39-1000x412.jpeg 1000w, https:\/\/isfd3-bue.infd.edu.ar\/sitio\/wp-content\/uploads\/2024\/12\/WhatsApp-Image-2024-10-04-at-09.55.39-768x316.jpeg 768w, https:\/\/isfd3-bue.infd.edu.ar\/sitio\/wp-content\/uploads\/2024\/12\/WhatsApp-Image-2024-10-04-at-09.55.39-1536x633.jpeg 1536w\" sizes=\"(max-width: 393px) 100vw, 393px\" \/><\/a><\/figure><\/div>\n\n\n<h2 class=\"wp-block-heading has-text-align-center has-electric-grass-gradient-background has-text-color has-background\" style=\"color:#05344f\"><strong>Paso 2: Preparaci\u00f3n de Documentaci\u00f3n en Papel<\/strong><\/h2>\n\n\n\n<figure class=\"wp-block-pullquote has-accent-color has-text-color has-medium-font-size\" style=\"font-style:normal;font-weight:700\"><blockquote><p>PRIMERA ENTREGA DE DOCUMENTACI\u00d3N:<br>Desde 10 Y  11\/12\/2025 <br>SEGUNDA ENTREGA:<br>Desde el 18\/02\/2026 al 06\/03\/2026<br>Carreras turno ma\u00f1ana: 9 a 11 hs <br>Carreras turno tarde: 14 a 16 hs <br>Carreras turno vespertino: 18 a 20 hs <br>SAL\u00d3N DE ACTOS<\/p><\/blockquote><\/figure>\n\n\n\n<ul>\n<li><strong><mark style=\"background-color:rgba(0, 0, 0, 0);color:#070bf7\" class=\"has-inline-color\">Planilla de inscripci\u00f3n<\/mark>&nbsp;<\/strong>deber\u00e1n imprimir y completar con letra imprenta, de la siguiente manera: apellido y nombre completos, correo electr\u00f3nico con una cuenta vigente para poder contactarnos.                                                                                                         Esta planilla tambi\u00e9n pueden pedirla en librer\u00eda&nbsp;<a href=\"https:\/\/www.facebook.com\/xeroximpresiones\">Xerox<\/a>&nbsp;cuando retiran el cuadernillo: <a href=\"https:\/\/drive.google.com\/file\/d\/182FjoAoZWrIxyzQpN8mnOZ3aEBRgAkzv\/view?usp=sharing\">Planilla de inscripci\u00f3n ingresantes<\/a>           &#8211;<\/li>\n\n\n\n<li>Acompa\u00f1arla con 1 folio oficio                                                                                                                                                                                                             <\/li>\n\n\n\n<li><em>Los datos del Instituto pedidos en p\u00e1gina 3 se completan as\u00ed: <\/em><\/li>\n<\/ul>\n\n\n<div class=\"wp-block-image\">\n<figure class=\"aligncenter size-full is-resized\"><img decoding=\"async\" loading=\"lazy\" src=\"https:\/\/isfd3-bue.infd.edu.ar\/sitio\/wp-content\/uploads\/2023\/12\/completar.png\" alt=\"\" class=\"wp-image-7009\" width=\"645\" height=\"96\" srcset=\"https:\/\/isfd3-bue.infd.edu.ar\/sitio\/wp-content\/uploads\/2023\/12\/completar.png 1460w, https:\/\/isfd3-bue.infd.edu.ar\/sitio\/wp-content\/uploads\/2023\/12\/completar-1000x149.png 1000w, https:\/\/isfd3-bue.infd.edu.ar\/sitio\/wp-content\/uploads\/2023\/12\/completar-768x115.png 768w\" sizes=\"(max-width: 645px) 100vw, 645px\" \/><figcaption class=\"wp-element-caption\"><br><a href=\"https:\/\/isfd3-bue.infd.edu.ar\/sitio\/wp-content\/uploads\/2023\/12\/Pautas-para-completar-solicitud-inscripcion-escolar_0_0.pdf\">Pautas para completar la planilla de inscripci\u00f3n<\/a><\/figcaption><\/figure><\/div>\n\n\n<ul>\n<li>1 Foto 4\u00d74.<\/li>\n\n\n\n<li>DNI anverso y reverso<strong> (original y fotocopia)<\/strong><\/li>\n\n\n\n<li>Acta de nacimiento&nbsp;<strong>(original y fotocopia)<\/strong><\/li>\n\n\n\n<li>T\u00edtulo secundario. En caso de no tenerlo: certificado de T\u00edtulo en tr\u00e1mite <strong>(original y fotocopia)<\/strong>.<em> <strong>ATENCI\u00d3N: quien se inscriba con constancia general (adeudando materia\/s de secundario): quedar\u00e1 inscripto como <span style=\"color:#a33e00\" class=\"has-inline-color\">CONDICIONAL<\/span>.<\/strong><\/em><\/li>\n\n\n\n<li>Certificado de Salud: expedido por sala m\u00e9dica, m\u00e9dico particular u hospital<em>.<\/em><\/li>\n\n\n\n<li><strong>Cuadernillo Institucional:<\/strong> se retirar\u00e1 en <mark style=\"background-color:rgba(0, 0, 0, 0);color:#090dec\" class=\"has-inline-color\"><a href=\"https:\/\/www.facebook.com\/xeroximpresiones\">Xerox<\/a><\/mark> en la fecha publicada en redes o tambi\u00e9n podr\u00e1n descargarlo desde este <a href=\"https:\/\/drive.google.com\/file\/d\/1yBZlCoLzs8wtCh_uYSRYhONmz7iCzQun\/view?usp=sharing\" target=\"_blank\" rel=\"noreferrer noopener\">enlace<\/a>. Sugerimos LEERLO y luego completar y firmar el texto de la \u00faltima p\u00e1gina, que tiene car\u00e1cter de <strong>declaraci\u00f3n jurada <\/strong>e implica que el Ingresante ha le\u00eddo todo el instructivo y tiene conocimiento de dicha informaci\u00f3n.&nbsp;<\/li>\n\n\n\n<li>Entregar el Anexo de Salida Educativa completo (se encuentra dentro del cuadernillo institucional)<\/li>\n\n\n\n<li>Pago voluntario de Cuota Anual Cooperadora: (si no son inscriptos condicionales, o sea: si no completaron secundario, en los profesorados de Inicial\/Primaria) comprobante de interdep\u00f3sito al <strong>ALIAS: VOSSOSLACOOPE<\/strong> (pueden realizar transferencia bancaria, o bien usar la aplicaci\u00f3n Cuenta DNI). <strong>Importe anual $ 30.000 <\/strong>(importe mensual $ 3000)<strong> <\/strong>y pedimos que env\u00eden el comprobante de la operaci\u00f3n al mail de Cooperadora: <a href=\"mailto:avanzacooperadora@gmail.com\">avanzacooperadora@gmail.com<\/a>. Con el recibo de cooperadora y una foto podr\u00e1n gestionar el carnet que los habilita para retirar libros de biblioteca. Adem\u00e1s, recibir\u00e1n el pin institucional para las pr\u00e1cticas y la libreta para los finales, quienes abonen los $ 30.000 hasta Mayo recibir\u00e1n libreta y PIN en agosto.<\/li>\n<\/ul>\n\n\n\n<h2 class=\"wp-block-heading has-text-align-center has-electric-grass-gradient-background has-text-color has-background\" style=\"color:#074264\"><strong>Paso 3: Entrega de documentaci\u00f3n&nbsp;<\/strong><\/h2>\n\n\n\n<div class=\"wp-block-group is-vertical is-layout-flex wp-container-24\">\n<p><\/p>\n\n\n\n<p><\/p>\n\n\n\n<p><strong>Si no pueden asistir personalmente, pueden enviar la documentaci\u00f3n con alguien en su representaci\u00f3n, con la planilla de inscripci\u00f3n firmada por ustedes y los originales correspondientes.<\/strong><\/p>\n\n\n\n<p class=\"has-accent-color has-text-color has-medium-font-size\"><strong>RECORDATORIO: LA PRE-INSCRIPCI\u00d3N NO ASEGURA EL LUGAR EN EL LISTADO, DEBEN COMPLETAR LA ENTREGA DE DOCUMENTACI\u00d3N EN PERSONA<\/strong><\/p>\n\n\n\n<p><\/p>\n\n\n\n<h4 class=\"wp-block-heading has-text-align-center has-electric-grass-gradient-background has-text-color has-background\" style=\"color:#074264\">Comienzo de Actividades <\/h4>\n\n\n\n<p><strong>Las clases comenzar\u00e1n el 16\/03\/26, no se dictan previamente talleres de ingreso (tampoco hay examen de ingreso). Publicaremos la fecha aqu\u00ed y les brindaremos cronogramas de actividades y charlas con los distintos actores institucionales.<\/strong> <\/p>\n<\/div>\n\n\n\n<p><\/p>\n\n\n\n<p><strong>Alumnos que ingresan por pase<mark style=\"background-color:rgba(0, 0, 0, 0);color:#0808f5\" class=\"has-inline-color\">&nbsp;<\/mark><\/strong><a href=\"https:\/\/isfd3-bue.infd.edu.ar\/sitio\/informacion-para-alumnos\/pedidos-de-equivalencias\/\"><strong><mark style=\"background-color:rgba(0, 0, 0, 0);color:#0808f5\" class=\"has-inline-color\">informaci\u00f3n disponible en este enlace<\/mark>&nbsp;<\/strong><\/a><\/p>\n\n\n\n<p><strong>\u00bfDudas o consultas?<\/strong><\/p>\n\n\n\n<p>En este mismo sitio web dispones de la secci\u00f3n <a href=\"https:\/\/isfd3-bue.infd.edu.ar\/sitio\/preguntas-frecuentes\/\"><mark style=\"background-color:rgba(0, 0, 0, 0);color:#1708f0\" class=\"has-inline-color\"><strong>Preguntas Frecuentes<\/strong><\/mark><\/a><\/p>\n\n\n\n<p>Para consultar horarios de las carreras ingres\u00e1 al siguiente enlace <a href=\"https:\/\/isfd3-bue.infd.edu.ar\/sitio\/horario-de-cursado\/\"><strong><mark style=\"background-color:rgba(0, 0, 0, 0);color:#0919f3\" class=\"has-inline-color\">Horarios de cursadas<\/mark><\/strong><\/a> (sujeto a modificaciones)<\/p>\n\n\n<h5>&nbsp;<\/h5>\n<table border=\"0\">\n<tbody>\n<tr>\n<td>\n<h4 style=\"margin-top: 0px; margin-bottom: 0px; font-family: Calibri, Arial, Helvetica, sans-serif; font-size: 16px;\"><strong>Nota: todas nuestras carreras son presenciales<\/strong><\/h4>\n<\/td>\n<\/tr>\n<\/tbody>\n<\/table>\n<h4 style=\"margin-top: 0px; margin-bottom: 0px; font-family: Calibri, Arial, Helvetica, sans-serif; font-size: 16px;\">&nbsp;<\/h4>\n\n\n<p><\/p>\n","protected":false},"excerpt":{"rendered":"<p>Ya se encuentran completas y cerradas las inscripciones para las carreras de INICIAL Y PRIMARIA INSTRUCTIVO INGRESO 2026 Paso 1: PRE-INSCRIPCI\u00d3N La PRE-INSCRIPCI\u00d3N se realizar\u00e1 a partir del mi\u00e9rcoles 3 de diciembre a las 9.00 am, en los formularios que habilitaremos en este sitio El primer paso es la pre-inscripci\u00f3n online y luego indicaremos aqu\u00ed &#8230; <a title=\"INGRESANTES 2026\" class=\"read-more\" href=\"https:\/\/isfd3-bue.infd.edu.ar\/sitio\/ingresantes\/\" aria-label=\"More on INGRESANTES 2026\">[+]<\/a><\/p>\n","protected":false},"author":39,"featured_media":0,"parent":0,"menu_order":0,"comment_status":"closed","ping_status":"closed","template":"","meta":[],"acf":[],"_links":{"self":[{"href":"https:\/\/isfd3-bue.infd.edu.ar\/sitio\/wp-json\/wp\/v2\/pages\/3503"}],"collection":[{"href":"https:\/\/isfd3-bue.infd.edu.ar\/sitio\/wp-json\/wp\/v2\/pages"}],"about":[{"href":"https:\/\/isfd3-bue.infd.edu.ar\/sitio\/wp-json\/wp\/v2\/types\/page"}],"author":[{"embeddable":true,"href":"https:\/\/isfd3-bue.infd.edu.ar\/sitio\/wp-json\/wp\/v2\/users\/39"}],"replies":[{"embeddable":true,"href":"https:\/\/isfd3-bue.infd.edu.ar\/sitio\/wp-json\/wp\/v2\/comments?post=3503"}],"version-history":[{"count":445,"href":"https:\/\/isfd3-bue.infd.edu.ar\/sitio\/wp-json\/wp\/v2\/pages\/3503\/revisions"}],"predecessor-version":[{"id":8492,"href":"https:\/\/isfd3-bue.infd.edu.ar\/sitio\/wp-json\/wp\/v2\/pages\/3503\/revisions\/8492"}],"wp:attachment":[{"href":"https:\/\/isfd3-bue.infd.edu.ar\/sitio\/wp-json\/wp\/v2\/media?parent=3503"}],"curies":[{"name":"wp","href":"https:\/\/api.w.org\/{rel}","templated":true}]}}