{"id":4942,"date":"2021-07-14T11:04:53","date_gmt":"2021-07-14T14:04:53","guid":{"rendered":"https:\/\/isfd3-bue.infd.edu.ar\/sitio\/?page_id=4942"},"modified":"2026-03-10T15:29:06","modified_gmt":"2026-03-10T18:29:06","slug":"disenos-curriculares","status":"publish","type":"page","link":"https:\/\/isfd3-bue.infd.edu.ar\/sitio\/disenos-curriculares\/","title":{"rendered":"Dise\u00f1os Curriculares"},"content":{"rendered":"\n<p>INICIAL &#8211; <a href=\"https:\/\/isfd3-bue.infd.edu.ar\/sitio\/profesorado-de-educacion-inicial\/\">AQU\u00cd<\/a><\/p>\n\n\n\n<p>PRIMARIA &#8211; <a href=\"https:\/\/isfd3-bue.infd.edu.ar\/sitio\/profesorado-de-educacion-primaria\/\">AQU\u00cd<\/a><\/p>\n\n\n\n<p>ESPECIAL &#8211; <a href=\"https:\/\/isfd3-bue.infd.edu.ar\/sitio\/profesorado-de-educacion-especial\/\">AQU\u00cd<\/a><\/p>\n\n\n\n<p>INGL\u00c9S &#8211; <a href=\"https:\/\/isfd3-bue.infd.edu.ar\/sitio\/profesorado-de-ingles\/\">AQU\u00cd<\/a><\/p>\n\n\n\n<p>LENGUA &#8211; <a href=\"https:\/\/isfd3-bue.infd.edu.ar\/sitio\/profesorado-de-educacion-secundaria-en-lengua-y-literatura\/\">AQU\u00cd<\/a><\/p>\n\n\n\n<p>MATEM\u00c1TICA &#8211; <a href=\"https:\/\/isfd3-bue.infd.edu.ar\/sitio\/profesorado-de-educacion-secundaria-en-matematica\/\">AQU\u00cd<\/a><\/p>\n\n\n\n<p>BIOLOG\u00cdA &#8211; <a href=\"https:\/\/isfd3-bue.infd.edu.ar\/sitio\/profesorado-de-educacion-secundaria-en-biologia\/\">AQU\u00cd<\/a><\/p>\n\n\n\n<p>HISTORIA &#8211; <a href=\"https:\/\/isfd3-bue.infd.edu.ar\/sitio\/profesorado-de-educacion-secundaria-en-historia\/\">AQU\u00cd<\/a><\/p>\n\n\n\n<p>CIENCIA POL\u00cdTICA &#8211; <a href=\"https:\/\/isfd3-bue.infd.edu.ar\/sitio\/ciencia-politica\/\">AQU\u00cd<\/a><\/p>\n","protected":false},"excerpt":{"rendered":"<p>INICIAL &#8211; AQU\u00cd PRIMARIA &#8211; AQU\u00cd ESPECIAL &#8211; AQU\u00cd INGL\u00c9S &#8211; AQU\u00cd LENGUA &#8211; AQU\u00cd MATEM\u00c1TICA &#8211; AQU\u00cd BIOLOG\u00cdA &#8211; AQU\u00cd HISTORIA &#8211; AQU\u00cd CIENCIA POL\u00cdTICA &#8211; AQU\u00cd<\/p>\n","protected":false},"author":39,"featured_media":0,"parent":0,"menu_order":0,"comment_status":"closed","ping_status":"closed","template":"","meta":[],"acf":[],"_links":{"self":[{"href":"https:\/\/isfd3-bue.infd.edu.ar\/sitio\/wp-json\/wp\/v2\/pages\/4942"}],"collection":[{"href":"https:\/\/isfd3-bue.infd.edu.ar\/sitio\/wp-json\/wp\/v2\/pages"}],"about":[{"href":"https:\/\/isfd3-bue.infd.edu.ar\/sitio\/wp-json\/wp\/v2\/types\/page"}],"author":[{"embeddable":true,"href":"https:\/\/isfd3-bue.infd.edu.ar\/sitio\/wp-json\/wp\/v2\/users\/39"}],"replies":[{"embeddable":true,"href":"https:\/\/isfd3-bue.infd.edu.ar\/sitio\/wp-json\/wp\/v2\/comments?post=4942"}],"version-history":[{"count":17,"href":"https:\/\/isfd3-bue.infd.edu.ar\/sitio\/wp-json\/wp\/v2\/pages\/4942\/revisions"}],"predecessor-version":[{"id":8512,"href":"https:\/\/isfd3-bue.infd.edu.ar\/sitio\/wp-json\/wp\/v2\/pages\/4942\/revisions\/8512"}],"wp:attachment":[{"href":"https:\/\/isfd3-bue.infd.edu.ar\/sitio\/wp-json\/wp\/v2\/media?parent=4942"}],"curies":[{"name":"wp","href":"https:\/\/api.w.org\/{rel}","templated":true}]}}